+ 54*h**2 - 8*h - 4. What is the units digit of r(-9)?
8
Suppose -3*a - 6*a = -198. Suppose o - a = 22. What is the tens digit of o?
4
Let f(j) = -5*j**3 + 10*j**2 - 12*j - 17*j**2 - j**3 + 9*j + 5. What is the hundreds digit of f(-4)?
2
Suppose 3510 = 4*n + n + g, 2106 = 3*n - 4*g. What is the units digit of n?
2
Let m = 5 + -5. Let s(h) = -h + 4. Let g be s(m). Suppose g*i - 2*i - 42 = 0. What is the tens digit of i?
2
Let i(m) = 2*m**2 + 5*m - 4. Let x be i(4). Let y be x/10 - (-44)/(-55). Suppose -5*a + 2*g + 236 = 0, 5*a + y*g - 172 = a. What is the units digit of a?
6
Let v(w) = w**2 + 4*w + 204. What is the units digit of v(0)?
4
Let c = -30 + 30. Suppose c = y - 5*y. What is the tens digit of y + 4 + -5 - -26?
2
Suppose 125*u = 136*u - 7656. What is the units digit of u?
6
Suppose -30371 = -14*b - 7817. What is the tens digit of b?
1
Suppose -42 = -6*c - 0. Let u(j) = 17*j + 13. What is the tens digit of u(c)?
3
Let a = -2942 + 5357. What is the hundreds digit of a?
4
Let m = -2251 + 3564. What is the thousands digit of m?
1
Suppose 0*q + 15 = 3*q. Suppose 0 = -4*i + 12, 0*y + q*y - 1063 = -i. What is the units digit of 7/(-21) + y/6?
5
Let s be ((-27)/15)/((-3)/15). Suppose -2*j + 7*j - 54 = 3*p, 0 = -3*p - s. Let t = 7 + j. What is the units digit of t?
6
Let x = 17 + -10. Let w = 10 - x. Suppose -o + 1 = 0, -q + w*o + 0 + 8 = 0. What is the units digit of q?
1
What is the tens digit of 2/(-6)*(-353 + -10)?
2
What is the units digit of (718/(-6))/(46/(-690))?
5
Let x(j) = -11*j. Let q = 4 + 19. Let c = q - 26. What is the units digit of x(c)?
3
Let y be (8/(-4))/(0 + 2). Let a be (3 - (y - -1))/1. What is the tens digit of (-1 - a)/(2/(-8))?
1
Suppose 0 = -0*g + 4*g + 84. What is the tens digit of (-679)/g - 1/3?
3
Let j = 846 + -484. What is the units digit of j?
2
Let q(l) = -l - 4. Let f be q(3). Let p(k) = k + 9. Let b be p(f). Suppose -4*o - 26 = -c - b*c, -15 = 3*o. What is the units digit of c?
2
Let k = 2819 - 1085. What is the tens digit of k?
3
Let t(l) = l**2 + 6*l - 16. Let g be t(-8). Let b(z) = -z**3 - z**2 - z + 66. What is the units digit of b(g)?
6
Suppose 0 = -y + 5*g + 286, y - 254 = g + 52. What is the units digit of y?
1
Let u(k) = k**2 + 7*k + 31. Let n(r) = -2*r**3 - 3*r - 15. Let t be n(0). What is the tens digit of u(t)?
5
Suppose -2*c - 8*c + 50 = 0. Suppose c*o = -2*o + 1267. What is the tens digit of o?
8
Let z(r) = 3*r**2 + 2*r - 5. Let m(i) = -i**2. Let w(s) = 2*m(s) + z(s). What is the tens digit of w(4)?
1
Suppose 23*a - 28*a + 1515 = 0. What is the units digit of a?
3
Let a = -307 - -580. What is the hundreds digit of a?
2
Suppose 0 = 3*c - 4*p - 59, 10 = 8*p - 10*p. Let l be 383/7 + 2/7. Suppose 2*h = -3*u + 131, -4*u = h - c - l. What is the units digit of h?
4
Suppose -897*n + 90 = -894*n. What is the tens digit of n?
3
Suppose -2*b = 2*b - 24. Let f be (-4)/(-5) - b/(-5). Suppose 4*o - 91 = n - 0*n, -f*n = -5*o + 113. What is the units digit of o?
3
Suppose 14 = 2*x + 2*i, x + i + 3 = 2*i. Suppose 11 = x*n - 71. What is the tens digit of n?
4
Suppose -4*n = -f + 2*f + 33, -2*f - 96 = -2*n. Let w = 68 + f. What is the tens digit of w?
2
What is the tens digit of (-3423542)/(-1099) - 1*(-12)/14?
1
Suppose r = -5*p + 107, 4*p + 2*r - 100 = 6*r. Suppose -4*y = -9*y. Let i = p + y. What is the tens digit of i?
2
Let c(j) = 5*j + 9. Let g(a) = -2*a - 2. Let t be g(1). Let y be c(t). Let q(m) = -m**2 - 12*m + 7. What is the tens digit of q(y)?
1
Let p(u) = 10*u**2 - u**3 + 60 - 47 - 8*u - 2*u. Let d be p(9). Suppose w - 4*w + 2*v = -76, -3*v + 124 = d*w. What is the tens digit of w?
2
Let u = -48 - -28. Let a = 23 - u. Suppose -t - 10 = -4*v + a, -2*v = 2*t - 34. What is the units digit of v?
4
Suppose -5*l + 12 = 4*x, -6*l = -4*l - 8. Suppose 16 = -3*k + 5*k. What is the tens digit of (x - -11)/(6/k)?
1
Suppose -5*o - 4*h + 291 = -468, -o - 4*h + 155 = 0. Let k = 88 + o. What is the tens digit of k?
3
What is the units digit of ((-4806)/(-36))/((-1)/(-10))?
5
Let b(v) = v + 8. Let g be b(-4). Suppose -55 = -g*q + 3*q. What is the tens digit of q?
5
Suppose -3*m - 2*i = 2*i - 2133, -2*i + 2834 = 4*m. What is the units digit of m?
7
Suppose 0 = 2*a - 9 - 9. Suppose -a = -2*i - 1. Suppose n = 4*u + 19, 4*n = -i*u + 7 + 49. What is the units digit of n?
5
Let l(y) = y**3 + 10*y**2 - 2*y - 36. Let x be l(-10). Let s be (2 - 0 - 3)*10. Let o = s - x. What is the units digit of o?
6
Let t(q) = 846*q**3 + 9*q**2 - q. What is the units digit of t(1)?
4
Let y(v) = 25*v**2 + v - 1. Suppose 2 = 3*h - i, 0 = 4*h - 3*i + 2*i - 1. Let n be (-45)/(-54) + h/(-6). What is the tens digit of y(n)?
2
Suppose -5*r - 5*n - 1561 = -8*r, -522 = -r + 2*n. What is the tens digit of r?
1
Suppose -t + 9 = -112. Let o = t + -26. What is the tens digit of o?
9
Let q(h) = -h**3 + 10*h**2 - 9*h + 3. Let i be q(9). Suppose -i*o = -2*b - 6*o + 17, -o = 1. What is the tens digit of b?
1
What is the hundreds digit of 8 - (-1039 - (5 - 5))?
0
Suppose 4*f = -3*f + 14. What is the units digit of (f - -126) + 10/(-5)?
6
Let n(z) = -4*z**3 + 6*z**2 + 10*z. What is the units digit of n(-4)?
2
Let u(a) = 9*a**3 - 3*a + 3. Let b be u(1). Suppose -b = -2*j + 55. What is the units digit of j?
2
Suppose -4*w = -4*v - 1 + 9, -4*v + 16 = -2*w. Let t be v/21 - 117/(-7). What is the units digit of (t*4)/4 + -3?
4
Let a(d) be the third derivative of 2*d**4 - 5*d**3/3 + 45*d**2. What is the tens digit of a(5)?
3
Let d(t) be the first derivative of -t**4/4 - 5*t**3 - 3*t**2/2 - 9*t - 2. What is the units digit of d(-15)?
6
Suppose 79 = g - 0*g. Let f = -40 + g. What is the units digit of f?
9
Suppose -1 = n + 1. Let h be (n/6)/((-1)/27). Suppose -k + h = -23. What is the units digit of k?
2
Suppose 4*r + 119 = -13. Let j = 48 + r. What is the tens digit of j?
1
Suppose -9*n - 2*n = 825. Let d = n + 141. What is the tens digit of d?
6
Let b be (0 + 17)/(1/20). Let u = b + -29. What is the hundreds digit of u?
3
Let k = 6 - 4. Let a(f) = f + 4 + 4 + 4*f**3 - 3*f**3 - k*f**3. What is the units digit of a(0)?
8
Suppose 5*q - 188 = 87. What is the units digit of q?
5
Suppose -1 + 6 = 5*g. Let p = 39 - 72. What is the units digit of -1 - (p + g - 3)?
4
Let j = 410 - 342. Let q = 2 + 4. Suppose -q*a + 2*a = -j. What is the units digit of a?
7
Let h = -75 - -5. What is the tens digit of (0 - -97) + h/14?
9
Let b(r) = 4*r**2 + 20*r - 167. What is the units digit of b(9)?
7
Let k = -10 - 0. Let g(m) = -m**3 - 10*m**2 - 8*m - 25. What is the tens digit of g(k)?
5
Let v(q) = -6*q - 74. Let k be v(-13). Suppose -5*y - k*c + 322 = 0, -c + 257 = 4*y + 2*c. What is the tens digit of y?
6
Let v = -14 - -17. Suppose d = -3*s - v*d - 5, -4*d - 9 = -s. What is the units digit of 453/12 - s/(-4)?
8
Suppose -9*g + 2738 + 11932 = 0. What is the hundreds digit of g?
6
Let c be 10*(-2)/(-4) + -2. Let h be 4*55/20*c. What is the units digit of 22/h - (-22)/3?
8
Suppose -487 = -3*f + 614. What is the units digit of f?
7
Let z = 97 + -65. Let u be (-1)/(-8) - (-1212)/z. Suppose 0*x = -x + u. What is the tens digit of x?
3
Let l(n) = -n**3 + 24*n**2 - 36*n - 30. What is the units digit of l(19)?
1
Let i = -6 - -6. Suppose -3*u - 2*r = -i*r - 32, 0 = -2*u - 2*r + 18. What is the units digit of u?
4
Let u(d) = 518*d - 49. What is the hundreds digit of u(3)?
5
Let d be (-3)/9*(-1 - 8). Let g(w) = 11 + 9*w + 1 - 10 + 5. What is the units digit of g(d)?
4
What is the thousands digit of 10/((-90)/(-117))*106?
1
Let q = -13 + 46. Suppose 2*b - q = 43. Let n = b + -21. What is the units digit of n?
7
Let k(t) = -523*t - 624. What is the thousands digit of k(-9)?
4
Let y = 35 + -35. What is the units digit of (y - (-2)/(-8)) + 5986/328?
8
Let b be 12216/192 + 9/24. Let t be 2*(-1 + (-35)/(-2)). Let w = b - t. What is the tens digit of w?
3
Suppose -2*s - 3 = k - 10, -k = -5*s + 21. Suppose 4*u - 228 = -s*y, 5 = 3*y + u - 166. What is the tens digit of y?
5
Let z(m) = m + 9. Let h be (-3 + (-1 - -1))/(48/64). What is the units digit of z(h)?
5
Let h(q) = -418*q + 17. What is the units digit of h(-2)?
3
Suppose g - 11*g = -2990. Let r = 418 - g. What is the hundreds digit of r?
1
Let y(a) = -7*a + 5. Let s be y(-10). Let n = -12 + s. What is the units digit of n?
3
Suppose -10*h + 3321 = -89